{"id":64,"date":"2025-01-13T13:09:17","date_gmt":"2025-01-13T11:09:17","guid":{"rendered":"https:\/\/js312raf.wordpress.com\/?page_id=64"},"modified":"2025-05-05T20:43:45","modified_gmt":"2025-05-05T18:43:45","slug":"leadership-and-organization","status":"publish","type":"page","link":"https:\/\/czechchamber.se\/?page_id=64","title":{"rendered":"Leadership and Organization"},"content":{"rendered":"\n<p id=\"block-a5e84562-def2-4a77-856d-b18a0ca67d95\">The Chamber is led by a five-member Board, including a President, Vice-President, and three Board Members. The Board is responsible for managing activities in accordance with the Chamber\u2019s goals and statutes.<\/p>\n\n\n\n<p>The Czech Ambassador to Sweden serves as the Honorary Patron.<\/p>\n\n\n\n<p><strong>The Board:<\/strong><\/p>\n\n\n\n<div class=\"wp-block-group is-content-justification-center is-nowrap is-layout-flex wp-container-core-group-is-layout-065bca85 wp-block-group-is-layout-flex\">\n<div class=\"wp-block-group is-vertical is-content-justification-center is-layout-flex wp-container-core-group-is-layout-73a99bce wp-block-group-is-layout-flex\">\n<figure class=\"wp-block-image size-large is-resized\"><img loading=\"lazy\" decoding=\"async\" width=\"1024\" height=\"1024\" src=\"https:\/\/czechchamber.se\/wp-content\/uploads\/2025\/04\/Embassy-Sweden-10-edited-scaled-e1746009221970-1024x1024.jpg\" alt=\"Kate\u0159ina Str\u00f6msholm President\" class=\"wp-image-244\" style=\"width:250px;height:auto\" srcset=\"https:\/\/czechchamber.se\/wp-content\/uploads\/2025\/04\/Embassy-Sweden-10-edited-scaled-e1746009221970-1024x1024.jpg 1024w, https:\/\/czechchamber.se\/wp-content\/uploads\/2025\/04\/Embassy-Sweden-10-edited-scaled-e1746009221970-300x300.jpg 300w, https:\/\/czechchamber.se\/wp-content\/uploads\/2025\/04\/Embassy-Sweden-10-edited-scaled-e1746009221970-150x150.jpg 150w, https:\/\/czechchamber.se\/wp-content\/uploads\/2025\/04\/Embassy-Sweden-10-edited-scaled-e1746009221970-768x768.jpg 768w, https:\/\/czechchamber.se\/wp-content\/uploads\/2025\/04\/Embassy-Sweden-10-edited-scaled-e1746009221970-1536x1536.jpg 1536w, https:\/\/czechchamber.se\/wp-content\/uploads\/2025\/04\/Embassy-Sweden-10-edited-scaled-e1746009221970-100x100.jpg 100w, https:\/\/czechchamber.se\/wp-content\/uploads\/2025\/04\/Embassy-Sweden-10-edited-scaled-e1746009221970.jpg 1920w\" sizes=\"auto, (max-width: 706px) 89vw, (max-width: 767px) 82vw, 740px\" \/><\/figure>\n\n\n\n<p class=\"has-text-align-center\"><strong>President<\/strong><br>Kate\u0159ina Str\u00f6msholm<br>Owner, Str\u00f6msholm Advokatbyr\u00e5 AB<\/p>\n<\/div>\n\n\n\n<div style=\"height:100px;width:0px\" aria-hidden=\"true\" class=\"wp-block-spacer wp-container-content-6388d5dc\"><\/div>\n\n\n\n<div class=\"wp-block-group is-vertical is-content-justification-center is-layout-flex wp-container-core-group-is-layout-73a99bce wp-block-group-is-layout-flex\">\n<figure class=\"wp-block-image size-large is-resized\"><img loading=\"lazy\" decoding=\"async\" width=\"819\" height=\"1024\" src=\"https:\/\/czechchamber.se\/wp-content\/uploads\/2025\/05\/IMG_1387a_sanitized_-819x1024.jpg\" alt=\"\" class=\"wp-image-431\" style=\"width:218px;height:auto\" srcset=\"https:\/\/czechchamber.se\/wp-content\/uploads\/2025\/05\/IMG_1387a_sanitized_-819x1024.jpg 819w, https:\/\/czechchamber.se\/wp-content\/uploads\/2025\/05\/IMG_1387a_sanitized_-240x300.jpg 240w, https:\/\/czechchamber.se\/wp-content\/uploads\/2025\/05\/IMG_1387a_sanitized_-768x960.jpg 768w, https:\/\/czechchamber.se\/wp-content\/uploads\/2025\/05\/IMG_1387a_sanitized_-1229x1536.jpg 1229w, https:\/\/czechchamber.se\/wp-content\/uploads\/2025\/05\/IMG_1387a_sanitized_-1638x2048.jpg 1638w, https:\/\/czechchamber.se\/wp-content\/uploads\/2025\/05\/IMG_1387a_sanitized_-scaled.jpg 2048w\" sizes=\"auto, (max-width: 706px) 89vw, (max-width: 767px) 82vw, 740px\" \/><\/figure>\n\n\n\n<p class=\"has-text-align-center\"><strong>Vice President<\/strong><br>Roman Geyer<br>Managing Director, Linet Sweden<\/p>\n<\/div>\n<\/div>\n\n\n\n<div style=\"height:45px\" aria-hidden=\"true\" class=\"wp-block-spacer\"><\/div>\n\n\n\n<div class=\"wp-block-group is-content-justification-center is-nowrap is-layout-flex wp-container-core-group-is-layout-94bc23d7 wp-block-group-is-layout-flex\">\n<div class=\"wp-block-group is-vertical is-content-justification-center is-layout-flex wp-container-core-group-is-layout-73a99bce wp-block-group-is-layout-flex\">\n<figure class=\"wp-block-image size-full is-resized\"><img loading=\"lazy\" decoding=\"async\" width=\"480\" height=\"480\" src=\"https:\/\/czechchamber.se\/wp-content\/uploads\/2025\/04\/Pan-2-e1746008745726.jpg\" alt=\"\" class=\"wp-image-396\" style=\"width:250px;height:auto\" srcset=\"https:\/\/czechchamber.se\/wp-content\/uploads\/2025\/04\/Pan-2-e1746008745726.jpg 480w, https:\/\/czechchamber.se\/wp-content\/uploads\/2025\/04\/Pan-2-e1746008745726-300x300.jpg 300w, https:\/\/czechchamber.se\/wp-content\/uploads\/2025\/04\/Pan-2-e1746008745726-150x150.jpg 150w, https:\/\/czechchamber.se\/wp-content\/uploads\/2025\/04\/Pan-2-e1746008745726-100x100.jpg 100w\" sizes=\"auto, (max-width: 480px) 100vw, 480px\" \/><\/figure>\n\n\n\n<p class=\"has-text-align-center\"><strong>Board Member<\/strong><br>Robin Kyclt<br>CEO, Abitec, s.r.o.<\/p>\n<\/div>\n\n\n\n<div style=\"height:100px;width:0px\" aria-hidden=\"true\" class=\"wp-block-spacer wp-container-content-6388d5dc\"><\/div>\n\n\n\n<div class=\"wp-block-group is-vertical is-content-justification-center is-layout-flex wp-container-core-group-is-layout-73a99bce wp-block-group-is-layout-flex\">\n<figure class=\"wp-block-image size-full is-resized\"><img loading=\"lazy\" decoding=\"async\" width=\"221\" height=\"221\" src=\"https:\/\/czechchamber.se\/wp-content\/uploads\/2025\/05\/1517350374978_sanitized_-edited.jpg\" alt=\"\" class=\"wp-image-428\" style=\"width:245px;height:auto\" srcset=\"https:\/\/czechchamber.se\/wp-content\/uploads\/2025\/05\/1517350374978_sanitized_-edited.jpg 221w, https:\/\/czechchamber.se\/wp-content\/uploads\/2025\/05\/1517350374978_sanitized_-edited-150x150.jpg 150w, https:\/\/czechchamber.se\/wp-content\/uploads\/2025\/05\/1517350374978_sanitized_-edited-100x100.jpg 100w\" sizes=\"auto, (max-width: 221px) 100vw, 221px\" \/><\/figure>\n\n\n\n<p class=\"has-text-align-center\"><strong>Board Member<\/strong><br>Zden\u011bk Richter<br>CEO, R\u2013technologies, s.r.o.<\/p>\n<\/div>\n<\/div>\n\n\n\n<div style=\"height:45px\" aria-hidden=\"true\" class=\"wp-block-spacer\"><\/div>\n\n\n\n<div class=\"wp-block-group is-content-justification-center is-nowrap is-layout-flex wp-container-core-group-is-layout-94bc23d7 wp-block-group-is-layout-flex\">\n<div class=\"wp-block-group is-vertical is-content-justification-center is-layout-flex wp-container-core-group-is-layout-4b2eccd6 wp-block-group-is-layout-flex\">\n<figure class=\"wp-block-image size-large is-resized\"><img loading=\"lazy\" decoding=\"async\" width=\"1024\" height=\"1024\" src=\"https:\/\/czechchamber.se\/wp-content\/uploads\/2025\/04\/IMG_5138a_sanitized_-scaled-e1746008980860-1024x1024.jpg\" alt=\"\" class=\"wp-image-393\" style=\"width:252px;height:auto\" srcset=\"https:\/\/czechchamber.se\/wp-content\/uploads\/2025\/04\/IMG_5138a_sanitized_-scaled-e1746008980860-1024x1024.jpg 1024w, https:\/\/czechchamber.se\/wp-content\/uploads\/2025\/04\/IMG_5138a_sanitized_-scaled-e1746008980860-300x300.jpg 300w, https:\/\/czechchamber.se\/wp-content\/uploads\/2025\/04\/IMG_5138a_sanitized_-scaled-e1746008980860-150x150.jpg 150w, https:\/\/czechchamber.se\/wp-content\/uploads\/2025\/04\/IMG_5138a_sanitized_-scaled-e1746008980860-768x768.jpg 768w, https:\/\/czechchamber.se\/wp-content\/uploads\/2025\/04\/IMG_5138a_sanitized_-scaled-e1746008980860-1536x1536.jpg 1536w, https:\/\/czechchamber.se\/wp-content\/uploads\/2025\/04\/IMG_5138a_sanitized_-scaled-e1746008980860-2048x2048.jpg 2048w, https:\/\/czechchamber.se\/wp-content\/uploads\/2025\/04\/IMG_5138a_sanitized_-scaled-e1746008980860-100x100.jpg 100w\" sizes=\"auto, (max-width: 706px) 89vw, (max-width: 767px) 82vw, 740px\" \/><\/figure>\n\n\n\n<p class=\"has-text-align-center\"><strong>Board Member<\/strong><br>Martin \u0160ebesta<br>CEO, Euro-D s.r.o.<\/p>\n<\/div>\n<\/div>\n\n\n\n<p><strong>Honorary Patron:<\/strong><\/p>\n\n\n\n<div class=\"wp-block-group is-content-justification-center is-nowrap is-layout-flex wp-container-core-group-is-layout-94bc23d7 wp-block-group-is-layout-flex\">\n<div class=\"wp-block-group is-vertical is-content-justification-center is-layout-flex wp-container-core-group-is-layout-4b2eccd6 wp-block-group-is-layout-flex\">\n<figure class=\"wp-block-image size-large is-resized\"><img loading=\"lazy\" decoding=\"async\" width=\"1024\" height=\"1024\" src=\"https:\/\/czechchamber.se\/wp-content\/uploads\/2025\/04\/Embassy-Sweden-13-edited-scaled-e1746009119884-1024x1024.jpg\" alt=\"\" class=\"wp-image-249\" style=\"width:250px;height:auto\" srcset=\"https:\/\/czechchamber.se\/wp-content\/uploads\/2025\/04\/Embassy-Sweden-13-edited-scaled-e1746009119884-1024x1024.jpg 1024w, https:\/\/czechchamber.se\/wp-content\/uploads\/2025\/04\/Embassy-Sweden-13-edited-scaled-e1746009119884-300x300.jpg 300w, https:\/\/czechchamber.se\/wp-content\/uploads\/2025\/04\/Embassy-Sweden-13-edited-scaled-e1746009119884-150x150.jpg 150w, https:\/\/czechchamber.se\/wp-content\/uploads\/2025\/04\/Embassy-Sweden-13-edited-scaled-e1746009119884-768x768.jpg 768w, https:\/\/czechchamber.se\/wp-content\/uploads\/2025\/04\/Embassy-Sweden-13-edited-scaled-e1746009119884-1536x1536.jpg 1536w, https:\/\/czechchamber.se\/wp-content\/uploads\/2025\/04\/Embassy-Sweden-13-edited-scaled-e1746009119884-100x100.jpg 100w, https:\/\/czechchamber.se\/wp-content\/uploads\/2025\/04\/Embassy-Sweden-13-edited-scaled-e1746009119884.jpg 1920w\" sizes=\"auto, (max-width: 706px) 89vw, (max-width: 767px) 82vw, 740px\" \/><\/figure>\n\n\n\n<p class=\"has-text-align-center\"><strong>Honorary Patron<\/strong><br>Anita Grmelov\u00e1<br>Ambassador of the Czech Republic to Sweden<\/p>\n<\/div>\n<\/div>\n","protected":false},"excerpt":{"rendered":"<p>The Chamber is led by a five-member Board, including a President, Vice-President, and three Board Members. The Board is responsible for managing activities in accordance with the Chamber\u2019s goals and &hellip; <\/p>\n<p class=\"link-more\"><a href=\"https:\/\/czechchamber.se\/?page_id=64\" class=\"more-link\">Continue reading<span class=\"screen-reader-text\"> &#8220;Leadership and Organization&#8221;<\/span><\/a><\/p>\n","protected":false},"author":1,"featured_media":281,"parent":39,"menu_order":0,"comment_status":"closed","ping_status":"closed","template":"","meta":{"_price":"","_stock":"","_tribe_ticket_header":"","_tribe_default_ticket_provider":"","_tribe_ticket_capacity":"0","_ticket_start_date":"","_ticket_end_date":"","_tribe_ticket_show_description":"","_tribe_ticket_show_not_going":false,"_tribe_ticket_use_global_stock":"","_tribe_ticket_global_stock_level":"","_global_stock_mode":"","_global_stock_cap":"","_tribe_rsvp_for_event":"","_tribe_ticket_going_count":"","_tribe_ticket_not_going_count":"","_tribe_tickets_list":"[]","_tribe_ticket_has_attendee_info_fields":false,"footnotes":"","_tec_slr_enabled":"","_tec_slr_layout":""},"class_list":["post-64","page","type-page","status-publish","has-post-thumbnail","hentry"],"ticketed":false,"_links":{"self":[{"href":"https:\/\/czechchamber.se\/index.php?rest_route=\/wp\/v2\/pages\/64","targetHints":{"allow":["GET"]}}],"collection":[{"href":"https:\/\/czechchamber.se\/index.php?rest_route=\/wp\/v2\/pages"}],"about":[{"href":"https:\/\/czechchamber.se\/index.php?rest_route=\/wp\/v2\/types\/page"}],"author":[{"embeddable":true,"href":"https:\/\/czechchamber.se\/index.php?rest_route=\/wp\/v2\/users\/1"}],"replies":[{"embeddable":true,"href":"https:\/\/czechchamber.se\/index.php?rest_route=%2Fwp%2Fv2%2Fcomments&post=64"}],"version-history":[{"count":25,"href":"https:\/\/czechchamber.se\/index.php?rest_route=\/wp\/v2\/pages\/64\/revisions"}],"predecessor-version":[{"id":432,"href":"https:\/\/czechchamber.se\/index.php?rest_route=\/wp\/v2\/pages\/64\/revisions\/432"}],"up":[{"embeddable":true,"href":"https:\/\/czechchamber.se\/index.php?rest_route=\/wp\/v2\/pages\/39"}],"wp:featuredmedia":[{"embeddable":true,"href":"https:\/\/czechchamber.se\/index.php?rest_route=\/wp\/v2\/media\/281"}],"wp:attachment":[{"href":"https:\/\/czechchamber.se\/index.php?rest_route=%2Fwp%2Fv2%2Fmedia&parent=64"}],"curies":[{"name":"wp","href":"https:\/\/api.w.org\/{rel}","templated":true}]}}

<p id="block-a5e84562-def2-4a77-856d-b18a0ca67d95">The Chamber is led by a five-member Board, including a President, Vice-President, and three Board Members. The Board is responsible for managing activities in accordance with the Chamber’s goals and statutes.</p>



<p>The Czech Ambassador to Sweden serves as the Honorary Patron.</p>



<p><strong>The Board:</strong></p>



<div class="wp-block-group is-content-justification-center is-nowrap is-layout-flex wp-container-core-group-is-layout-065bca85 wp-block-group-is-layout-flex">
<div class="wp-block-group is-vertical is-content-justification-center is-layout-flex wp-container-core-group-is-layout-73a99bce wp-block-group-is-layout-flex">
<figure class="wp-block-image size-large is-resized"><img loading="lazy" decoding="async" width="1024" height="1024" src="https://czechchamber.se/wp-content/uploads/2025/04/Embassy-Sweden-10-edited-scaled-e1746009221970-1024x1024.jpg" alt="Kateřina Strömsholm President" class="wp-image-244" style="width:250px;height:auto" srcset="https://czechchamber.se/wp-content/uploads/2025/04/Embassy-Sweden-10-edited-scaled-e1746009221970-1024x1024.jpg 1024w, https://czechchamber.se/wp-content/uploads/2025/04/Embassy-Sweden-10-edited-scaled-e1746009221970-300x300.jpg 300w, https://czechchamber.se/wp-content/uploads/2025/04/Embassy-Sweden-10-edited-scaled-e1746009221970-150x150.jpg 150w, https://czechchamber.se/wp-content/uploads/2025/04/Embassy-Sweden-10-edited-scaled-e1746009221970-768x768.jpg 768w, https://czechchamber.se/wp-content/uploads/2025/04/Embassy-Sweden-10-edited-scaled-e1746009221970-1536x1536.jpg 1536w, https://czechchamber.se/wp-content/uploads/2025/04/Embassy-Sweden-10-edited-scaled-e1746009221970-100x100.jpg 100w, https://czechchamber.se/wp-content/uploads/2025/04/Embassy-Sweden-10-edited-scaled-e1746009221970.jpg 1920w" sizes="auto, (max-width: 706px) 89vw, (max-width: 767px) 82vw, 740px" /></figure>



<p class="has-text-align-center"><strong>President</strong><br>Kateřina Strömsholm<br>Owner, Strömsholm Advokatbyrå AB</p>
</div>



<div style="height:100px;width:0px" aria-hidden="true" class="wp-block-spacer wp-container-content-6388d5dc"></div>



<div class="wp-block-group is-vertical is-content-justification-center is-layout-flex wp-container-core-group-is-layout-73a99bce wp-block-group-is-layout-flex">
<figure class="wp-block-image size-large is-resized"><img loading="lazy" decoding="async" width="819" height="1024" src="https://czechchamber.se/wp-content/uploads/2025/05/IMG_1387a_sanitized_-819x1024.jpg" alt="" class="wp-image-431" style="width:218px;height:auto" srcset="https://czechchamber.se/wp-content/uploads/2025/05/IMG_1387a_sanitized_-819x1024.jpg 819w, https://czechchamber.se/wp-content/uploads/2025/05/IMG_1387a_sanitized_-240x300.jpg 240w, https://czechchamber.se/wp-content/uploads/2025/05/IMG_1387a_sanitized_-768x960.jpg 768w, https://czechchamber.se/wp-content/uploads/2025/05/IMG_1387a_sanitized_-1229x1536.jpg 1229w, https://czechchamber.se/wp-content/uploads/2025/05/IMG_1387a_sanitized_-1638x2048.jpg 1638w, https://czechchamber.se/wp-content/uploads/2025/05/IMG_1387a_sanitized_-scaled.jpg 2048w" sizes="auto, (max-width: 706px) 89vw, (max-width: 767px) 82vw, 740px" /></figure>



<p class="has-text-align-center"><strong>Vice President</strong><br>Roman Geyer<br>Managing Director, Linet Sweden</p>
</div>
</div>



<div style="height:45px" aria-hidden="true" class="wp-block-spacer"></div>



<div class="wp-block-group is-content-justification-center is-nowrap is-layout-flex wp-container-core-group-is-layout-94bc23d7 wp-block-group-is-layout-flex">
<div class="wp-block-group is-vertical is-content-justification-center is-layout-flex wp-container-core-group-is-layout-73a99bce wp-block-group-is-layout-flex">
<figure class="wp-block-image size-full is-resized"><img loading="lazy" decoding="async" width="480" height="480" src="https://czechchamber.se/wp-content/uploads/2025/04/Pan-2-e1746008745726.jpg" alt="" class="wp-image-396" style="width:250px;height:auto" srcset="https://czechchamber.se/wp-content/uploads/2025/04/Pan-2-e1746008745726.jpg 480w, https://czechchamber.se/wp-content/uploads/2025/04/Pan-2-e1746008745726-300x300.jpg 300w, https://czechchamber.se/wp-content/uploads/2025/04/Pan-2-e1746008745726-150x150.jpg 150w, https://czechchamber.se/wp-content/uploads/2025/04/Pan-2-e1746008745726-100x100.jpg 100w" sizes="auto, (max-width: 480px) 100vw, 480px" /></figure>



<p class="has-text-align-center"><strong>Board Member</strong><br>Robin Kyclt<br>CEO, Abitec, s.r.o.</p>
</div>



<div style="height:100px;width:0px" aria-hidden="true" class="wp-block-spacer wp-container-content-6388d5dc"></div>



<div class="wp-block-group is-vertical is-content-justification-center is-layout-flex wp-container-core-group-is-layout-73a99bce wp-block-group-is-layout-flex">
<figure class="wp-block-image size-full is-resized"><img loading="lazy" decoding="async" width="221" height="221" src="https://czechchamber.se/wp-content/uploads/2025/05/1517350374978_sanitized_-edited.jpg" alt="" class="wp-image-428" style="width:245px;height:auto" srcset="https://czechchamber.se/wp-content/uploads/2025/05/1517350374978_sanitized_-edited.jpg 221w, https://czechchamber.se/wp-content/uploads/2025/05/1517350374978_sanitized_-edited-150x150.jpg 150w, https://czechchamber.se/wp-content/uploads/2025/05/1517350374978_sanitized_-edited-100x100.jpg 100w" sizes="auto, (max-width: 221px) 100vw, 221px" /></figure>



<p class="has-text-align-center"><strong>Board Member</strong><br>Zdeněk Richter<br>CEO, R–technologies, s.r.o.</p>
</div>
</div>



<div style="height:45px" aria-hidden="true" class="wp-block-spacer"></div>



<div class="wp-block-group is-content-justification-center is-nowrap is-layout-flex wp-container-core-group-is-layout-94bc23d7 wp-block-group-is-layout-flex">
<div class="wp-block-group is-vertical is-content-justification-center is-layout-flex wp-container-core-group-is-layout-4b2eccd6 wp-block-group-is-layout-flex">
<figure class="wp-block-image size-large is-resized"><img loading="lazy" decoding="async" width="1024" height="1024" src="https://czechchamber.se/wp-content/uploads/2025/04/IMG_5138a_sanitized_-scaled-e1746008980860-1024x1024.jpg" alt="" class="wp-image-393" style="width:252px;height:auto" srcset="https://czechchamber.se/wp-content/uploads/2025/04/IMG_5138a_sanitized_-scaled-e1746008980860-1024x1024.jpg 1024w, https://czechchamber.se/wp-content/uploads/2025/04/IMG_5138a_sanitized_-scaled-e1746008980860-300x300.jpg 300w, https://czechchamber.se/wp-content/uploads/2025/04/IMG_5138a_sanitized_-scaled-e1746008980860-150x150.jpg 150w, https://czechchamber.se/wp-content/uploads/2025/04/IMG_5138a_sanitized_-scaled-e1746008980860-768x768.jpg 768w, https://czechchamber.se/wp-content/uploads/2025/04/IMG_5138a_sanitized_-scaled-e1746008980860-1536x1536.jpg 1536w, https://czechchamber.se/wp-content/uploads/2025/04/IMG_5138a_sanitized_-scaled-e1746008980860-2048x2048.jpg 2048w, https://czechchamber.se/wp-content/uploads/2025/04/IMG_5138a_sanitized_-scaled-e1746008980860-100x100.jpg 100w" sizes="auto, (max-width: 706px) 89vw, (max-width: 767px) 82vw, 740px" /></figure>



<p class="has-text-align-center"><strong>Board Member</strong><br>Martin Šebesta<br>CEO, Euro-D s.r.o.</p>
</div>
</div>



<p><strong>Honorary Patron:</strong></p>



<div class="wp-block-group is-content-justification-center is-nowrap is-layout-flex wp-container-core-group-is-layout-94bc23d7 wp-block-group-is-layout-flex">
<div class="wp-block-group is-vertical is-content-justification-center is-layout-flex wp-container-core-group-is-layout-4b2eccd6 wp-block-group-is-layout-flex">
<figure class="wp-block-image size-large is-resized"><img loading="lazy" decoding="async" width="1024" height="1024" src="https://czechchamber.se/wp-content/uploads/2025/04/Embassy-Sweden-13-edited-scaled-e1746009119884-1024x1024.jpg" alt="" class="wp-image-249" style="width:250px;height:auto" srcset="https://czechchamber.se/wp-content/uploads/2025/04/Embassy-Sweden-13-edited-scaled-e1746009119884-1024x1024.jpg 1024w, https://czechchamber.se/wp-content/uploads/2025/04/Embassy-Sweden-13-edited-scaled-e1746009119884-300x300.jpg 300w, https://czechchamber.se/wp-content/uploads/2025/04/Embassy-Sweden-13-edited-scaled-e1746009119884-150x150.jpg 150w, https://czechchamber.se/wp-content/uploads/2025/04/Embassy-Sweden-13-edited-scaled-e1746009119884-768x768.jpg 768w, https://czechchamber.se/wp-content/uploads/2025/04/Embassy-Sweden-13-edited-scaled-e1746009119884-1536x1536.jpg 1536w, https://czechchamber.se/wp-content/uploads/2025/04/Embassy-Sweden-13-edited-scaled-e1746009119884-100x100.jpg 100w, https://czechchamber.se/wp-content/uploads/2025/04/Embassy-Sweden-13-edited-scaled-e1746009119884.jpg 1920w" sizes="auto, (max-width: 706px) 89vw, (max-width: 767px) 82vw, 740px" /></figure>



<p class="has-text-align-center"><strong>Honorary Patron</strong><br>Anita Grmelová<br>Ambassador of the Czech Republic to Sweden</p>
</div>
</div>
