{"id":70,"date":"2025-01-13T13:11:17","date_gmt":"2025-01-13T11:11:17","guid":{"rendered":"https:\/\/js312raf.wordpress.com\/?page_id=70"},"modified":"2025-05-29T16:06:17","modified_gmt":"2025-05-29T14:06:17","slug":"final-words","status":"publish","type":"page","link":"https:\/\/czechchamber.se\/?page_id=70","title":{"rendered":"Partners"},"content":{"rendered":"\n<p>The Chamber is grateful for the support of its active partners: <\/p>\n\n\n\n<div class=\"wp-block-group is-content-justification-center is-nowrap is-layout-flex wp-container-core-group-is-layout-94bc23d7 wp-block-group-is-layout-flex\">\n<figure class=\"wp-block-image size-large is-resized\"><a href=\"https:\/\/mzv.gov.cz\/stockholm\/en\/index.html\"><img loading=\"lazy\" decoding=\"async\" width=\"1024\" height=\"207\" src=\"https:\/\/czechchamber.se\/wp-content\/uploads\/2025\/04\/EN-1-1024x207.png\" alt=\"\" class=\"wp-image-358\" style=\"width:230px;height:auto\" srcset=\"https:\/\/czechchamber.se\/wp-content\/uploads\/2025\/04\/EN-1-1024x207.png 1024w, https:\/\/czechchamber.se\/wp-content\/uploads\/2025\/04\/EN-1-300x61.png 300w, https:\/\/czechchamber.se\/wp-content\/uploads\/2025\/04\/EN-1-768x155.png 768w, https:\/\/czechchamber.se\/wp-content\/uploads\/2025\/04\/EN-1-1536x310.png 1536w, https:\/\/czechchamber.se\/wp-content\/uploads\/2025\/04\/EN-1-2048x413.png 2048w\" sizes=\"auto, (max-width: 706px) 89vw, (max-width: 767px) 82vw, 740px\" \/><\/a><\/figure>\n\n\n\n<div style=\"height:100px;width:0px\" aria-hidden=\"true\" class=\"wp-block-spacer wp-container-content-6388d5dc\"><\/div>\n\n\n\n<figure class=\"wp-block-image size-large is-resized\"><a href=\"https:\/\/www.czechtourism.cz\/en-US\"><img loading=\"lazy\" decoding=\"async\" width=\"1024\" height=\"683\" src=\"https:\/\/czechchamber.se\/wp-content\/uploads\/2025\/04\/Untitled-1-03-2-1024x683.png\" alt=\"\" class=\"wp-image-362\" style=\"width:201px;height:auto\" srcset=\"https:\/\/czechchamber.se\/wp-content\/uploads\/2025\/04\/Untitled-1-03-2-1024x683.png 1024w, https:\/\/czechchamber.se\/wp-content\/uploads\/2025\/04\/Untitled-1-03-2-300x200.png 300w, https:\/\/czechchamber.se\/wp-content\/uploads\/2025\/04\/Untitled-1-03-2-768x512.png 768w, https:\/\/czechchamber.se\/wp-content\/uploads\/2025\/04\/Untitled-1-03-2.png 1250w\" sizes=\"auto, (max-width: 706px) 89vw, (max-width: 767px) 82vw, 740px\" \/><\/a><\/figure>\n<\/div>\n\n\n\n<div class=\"wp-block-group is-content-justification-center is-nowrap is-layout-flex wp-container-core-group-is-layout-94bc23d7 wp-block-group-is-layout-flex\">\n<figure class=\"wp-block-image size-full is-resized\"><a href=\"https:\/\/stockholm.czechcentres.cz\/sv\/?locale=sv\"><img loading=\"lazy\" decoding=\"async\" width=\"518\" height=\"140\" src=\"https:\/\/czechchamber.se\/wp-content\/uploads\/2025\/04\/15d22e274b05ad1e5c7651cde851469e.webp\" alt=\"\" class=\"wp-image-363\" style=\"width:254px;height:auto\" srcset=\"https:\/\/czechchamber.se\/wp-content\/uploads\/2025\/04\/15d22e274b05ad1e5c7651cde851469e.webp 518w, https:\/\/czechchamber.se\/wp-content\/uploads\/2025\/04\/15d22e274b05ad1e5c7651cde851469e-300x81.webp 300w\" sizes=\"auto, (max-width: 518px) 100vw, 518px\" \/><\/a><\/figure>\n\n\n\n<div style=\"height:100px;width:0px\" aria-hidden=\"true\" class=\"wp-block-spacer wp-container-content-6388d5dc\"><\/div>\n\n\n\n<figure class=\"wp-block-image size-large is-resized\"><a href=\"https:\/\/www.nordicchamber.cz\/\"><img decoding=\"async\" src=\"https:\/\/dotoho.pro\/build\/images\/logo\/nordic-chamber.d7bc53cd.png\" alt=\"\" style=\"width:175px;height:auto\"\/><\/a><\/figure>\n<\/div>\n\n\n\n<h3 class=\"wp-block-heading has-text-align-center\">and<\/h3>\n\n\n<div class=\"wp-block-image\">\n<figure class=\"aligncenter size-large is-resized\"><a href=\"https:\/\/www.pacinekglass.com\/en\/\"><img loading=\"lazy\" decoding=\"async\" width=\"1024\" height=\"893\" src=\"https:\/\/czechchamber.se\/wp-content\/uploads\/2025\/04\/PacinekGlass-1-1024x893.png\" alt=\"\" class=\"wp-image-376\" style=\"width:151px;height:auto\" srcset=\"https:\/\/czechchamber.se\/wp-content\/uploads\/2025\/04\/PacinekGlass-1-1024x893.png 1024w, https:\/\/czechchamber.se\/wp-content\/uploads\/2025\/04\/PacinekGlass-1-300x262.png 300w, https:\/\/czechchamber.se\/wp-content\/uploads\/2025\/04\/PacinekGlass-1-768x670.png 768w, https:\/\/czechchamber.se\/wp-content\/uploads\/2025\/04\/PacinekGlass-1.png 1192w\" sizes=\"auto, (max-width: 706px) 89vw, (max-width: 767px) 82vw, 740px\" \/><\/a><\/figure>\n<\/div>\n\n\n<p class=\"has-text-align-left\">We are honoured that master glassmaker Ji\u0159\u00ed Pa\u010dinek generously crafted a unique glass scepter to be passed down and looked after by each new Patron of the Chamber. He\u2019s an extraordinary artist who represents the skill, beauty, and tradition of Czech glassmaking. His work has gained international attention, appearing in films like&nbsp;<em>Gladiator II<\/em>&nbsp;and&nbsp;<em>Glass Onion<\/em>. You can learn about his story in the video below.<\/p>\n\n\n\n<figure class=\"wp-block-embed is-type-video is-provider-youtube wp-block-embed-youtube wp-embed-aspect-16-9 wp-has-aspect-ratio\"><div class=\"wp-block-embed__wrapper\">\n<iframe loading=\"lazy\" title=\"Pac\u030cinek Glass\" width=\"525\" height=\"295\" src=\"https:\/\/www.youtube.com\/embed\/IeCahjv7y_4?feature=oembed\" frameborder=\"0\" allow=\"accelerometer; autoplay; clipboard-write; encrypted-media; gyroscope; picture-in-picture; web-share\" referrerpolicy=\"strict-origin-when-cross-origin\" allowfullscreen><\/iframe>\n<\/div><\/figure>\n\n\n\n<p><\/p>\n","protected":false},"excerpt":{"rendered":"<p>The Chamber is grateful for the support of its active partners: and We are honoured that master glassmaker Ji\u0159\u00ed Pa\u010dinek generously crafted a unique glass scepter to be passed down &hellip; <\/p>\n<p class=\"link-more\"><a href=\"https:\/\/czechchamber.se\/?page_id=70\" class=\"more-link\">Continue reading<span class=\"screen-reader-text\"> &#8220;Partners&#8221;<\/span><\/a><\/p>\n","protected":false},"author":1,"featured_media":0,"parent":39,"menu_order":0,"comment_status":"closed","ping_status":"closed","template":"","meta":{"_price":"","_stock":"","_tribe_ticket_header":"","_tribe_default_ticket_provider":"","_tribe_ticket_capacity":"0","_ticket_start_date":"","_ticket_end_date":"","_tribe_ticket_show_description":"","_tribe_ticket_show_not_going":false,"_tribe_ticket_use_global_stock":"","_tribe_ticket_global_stock_level":"","_global_stock_mode":"","_global_stock_cap":"","_tribe_rsvp_for_event":"","_tribe_ticket_going_count":"","_tribe_ticket_not_going_count":"","_tribe_tickets_list":"[]","_tribe_ticket_has_attendee_info_fields":false,"footnotes":"","_tec_slr_enabled":"","_tec_slr_layout":""},"class_list":["post-70","page","type-page","status-publish","hentry"],"ticketed":false,"_links":{"self":[{"href":"https:\/\/czechchamber.se\/index.php?rest_route=\/wp\/v2\/pages\/70","targetHints":{"allow":["GET"]}}],"collection":[{"href":"https:\/\/czechchamber.se\/index.php?rest_route=\/wp\/v2\/pages"}],"about":[{"href":"https:\/\/czechchamber.se\/index.php?rest_route=\/wp\/v2\/types\/page"}],"author":[{"embeddable":true,"href":"https:\/\/czechchamber.se\/index.php?rest_route=\/wp\/v2\/users\/1"}],"replies":[{"embeddable":true,"href":"https:\/\/czechchamber.se\/index.php?rest_route=%2Fwp%2Fv2%2Fcomments&post=70"}],"version-history":[{"count":13,"href":"https:\/\/czechchamber.se\/index.php?rest_route=\/wp\/v2\/pages\/70\/revisions"}],"predecessor-version":[{"id":439,"href":"https:\/\/czechchamber.se\/index.php?rest_route=\/wp\/v2\/pages\/70\/revisions\/439"}],"up":[{"embeddable":true,"href":"https:\/\/czechchamber.se\/index.php?rest_route=\/wp\/v2\/pages\/39"}],"wp:attachment":[{"href":"https:\/\/czechchamber.se\/index.php?rest_route=%2Fwp%2Fv2%2Fmedia&parent=70"}],"curies":[{"name":"wp","href":"https:\/\/api.w.org\/{rel}","templated":true}]}}

<p>The Chamber is grateful for the support of its active partners: </p>



<div class="wp-block-group is-content-justification-center is-nowrap is-layout-flex wp-container-core-group-is-layout-94bc23d7 wp-block-group-is-layout-flex">
<figure class="wp-block-image size-large is-resized"><a href="https://mzv.gov.cz/stockholm/en/index.html"><img loading="lazy" decoding="async" width="1024" height="207" src="https://czechchamber.se/wp-content/uploads/2025/04/EN-1-1024x207.png" alt="" class="wp-image-358" style="width:230px;height:auto" srcset="https://czechchamber.se/wp-content/uploads/2025/04/EN-1-1024x207.png 1024w, https://czechchamber.se/wp-content/uploads/2025/04/EN-1-300x61.png 300w, https://czechchamber.se/wp-content/uploads/2025/04/EN-1-768x155.png 768w, https://czechchamber.se/wp-content/uploads/2025/04/EN-1-1536x310.png 1536w, https://czechchamber.se/wp-content/uploads/2025/04/EN-1-2048x413.png 2048w" sizes="auto, (max-width: 706px) 89vw, (max-width: 767px) 82vw, 740px" /></a></figure>



<div style="height:100px;width:0px" aria-hidden="true" class="wp-block-spacer wp-container-content-6388d5dc"></div>



<figure class="wp-block-image size-large is-resized"><a href="https://www.czechtourism.cz/en-US"><img loading="lazy" decoding="async" width="1024" height="683" src="https://czechchamber.se/wp-content/uploads/2025/04/Untitled-1-03-2-1024x683.png" alt="" class="wp-image-362" style="width:201px;height:auto" srcset="https://czechchamber.se/wp-content/uploads/2025/04/Untitled-1-03-2-1024x683.png 1024w, https://czechchamber.se/wp-content/uploads/2025/04/Untitled-1-03-2-300x200.png 300w, https://czechchamber.se/wp-content/uploads/2025/04/Untitled-1-03-2-768x512.png 768w, https://czechchamber.se/wp-content/uploads/2025/04/Untitled-1-03-2.png 1250w" sizes="auto, (max-width: 706px) 89vw, (max-width: 767px) 82vw, 740px" /></a></figure>
</div>



<div class="wp-block-group is-content-justification-center is-nowrap is-layout-flex wp-container-core-group-is-layout-94bc23d7 wp-block-group-is-layout-flex">
<figure class="wp-block-image size-full is-resized"><a href="https://stockholm.czechcentres.cz/sv/?locale=sv"><img loading="lazy" decoding="async" width="518" height="140" src="https://czechchamber.se/wp-content/uploads/2025/04/15d22e274b05ad1e5c7651cde851469e.webp" alt="" class="wp-image-363" style="width:254px;height:auto" srcset="https://czechchamber.se/wp-content/uploads/2025/04/15d22e274b05ad1e5c7651cde851469e.webp 518w, https://czechchamber.se/wp-content/uploads/2025/04/15d22e274b05ad1e5c7651cde851469e-300x81.webp 300w" sizes="auto, (max-width: 518px) 100vw, 518px" /></a></figure>



<div style="height:100px;width:0px" aria-hidden="true" class="wp-block-spacer wp-container-content-6388d5dc"></div>



<figure class="wp-block-image size-large is-resized"><a href="https://www.nordicchamber.cz/"><img decoding="async" src="https://dotoho.pro/build/images/logo/nordic-chamber.d7bc53cd.png" alt="" style="width:175px;height:auto"/></a></figure>
</div>



<h3 class="wp-block-heading has-text-align-center">and</h3>


<div class="wp-block-image">
<figure class="aligncenter size-large is-resized"><a href="https://www.pacinekglass.com/en/"><img loading="lazy" decoding="async" width="1024" height="893" src="https://czechchamber.se/wp-content/uploads/2025/04/PacinekGlass-1-1024x893.png" alt="" class="wp-image-376" style="width:151px;height:auto" srcset="https://czechchamber.se/wp-content/uploads/2025/04/PacinekGlass-1-1024x893.png 1024w, https://czechchamber.se/wp-content/uploads/2025/04/PacinekGlass-1-300x262.png 300w, https://czechchamber.se/wp-content/uploads/2025/04/PacinekGlass-1-768x670.png 768w, https://czechchamber.se/wp-content/uploads/2025/04/PacinekGlass-1.png 1192w" sizes="auto, (max-width: 706px) 89vw, (max-width: 767px) 82vw, 740px" /></a></figure>
</div>


<p class="has-text-align-left">We are honoured that master glassmaker Jiří Pačinek generously crafted a unique glass scepter to be passed down and looked after by each new Patron of the Chamber. He’s an extraordinary artist who represents the skill, beauty, and tradition of Czech glassmaking. His work has gained international attention, appearing in films like&nbsp;<em>Gladiator II</em>&nbsp;and&nbsp;<em>Glass Onion</em>. You can learn about his story in the video below.</p>



<figure class="wp-block-embed is-type-video is-provider-youtube wp-block-embed-youtube wp-embed-aspect-16-9 wp-has-aspect-ratio"><div class="wp-block-embed__wrapper">
<iframe loading="lazy" title="Pačinek Glass" width="525" height="295" src="https://www.youtube.com/embed/IeCahjv7y_4?feature=oembed" frameborder="0" allow="accelerometer; autoplay; clipboard-write; encrypted-media; gyroscope; picture-in-picture; web-share" referrerpolicy="strict-origin-when-cross-origin" allowfullscreen></iframe>
</div></figure>



<p></p>

<p>The Chamber is grateful for the support of its active partners: and We are honoured that master glassmaker Jiří Pačinek generously crafted a unique glass scepter to be passed down &hellip; </p>
<p class="link-more"><a href="https://czechchamber.se/?page_id=70" class="more-link">Continue reading<span class="screen-reader-text"> &#8220;Partners&#8221;</span></a></p>
